 - 3 - n. Determine q(x).
3
Let i(f) = -2*f**3 + 11. Let x(p) = -9*p**3 - 2*p**2 - 41*p + 21. Let b(q) = -5*i(q) + x(q). Determine b(-5).
-4
Let b(a) = -8*a**2 + 17 - 23 + 0*a**2 + 2*a**3 + 9*a - a**3. Suppose 140 = 6*r + 104. Determine b(r).
-24
Let g(u) be the second derivative of u**4/3 + 4*u**3 + 3*u**2 + u + 402. Give g(-6).
6
Let w(b) = 13*b - 168. Let g be w(13). Let n be (g/6*3)/((-9)/18). Let c(u) be the second derivative of u**5/10 - u**4/12 + u**3/6 + u**2/2 + u. Calculate c(n).
-3
Let z(q) be the first derivative of q**3/3 + 15*q**2/2 + 7*q + 2394. Give z(0).
7
Suppose -5*c - 2*j + 3*j + 39 = 0, j = 4*c - 32. Suppose -3*v = 3*y + 12, -3*y + 0*v - c = 2*v. Let w(m) = -24*m**3 + m**2 + m - 1. Determine w(y).
-23
Let p(q) = 55*q**2 + 100*q + 29. Let v(d) = 83*d**2 + 150*d + 47. Let s(i) = -8*p(i) + 5*v(i). Determine s(-2).
3
Let r(d) = -d**2 + 4*d. Let u = 51 + -41. Let s be (-2 + -5)/(4 + (-41)/u). Let w = -66 + s. Give r(w).
0
Let w = -427 - -429. Let v(b) = 0*b - b + 0*b - b**w + 1252 - 1255. Calculate v(5).
-33
Let t(j) = 10*j - 61. Let l be t(7). Let k(h) = -l*h - 6 + 13*h - 50*h**2 + 49*h**2. What is k(5)?
-11
Let x(n) = 8*n**2 - 5. Suppose -5*p - 15 = -5*z, -z - 15*p + 11*p = -13. Let v(c) = -24*c**2 + 16. Let w = -24 - -40. Let y(d) = w*x(d) + z*v(d). Give y(1).
8
Let t = -583 - -586. Let i(m) = -1 - 7*m - 8 - 1 + t + 12*m. Calculate i(5).
18
Let a(g) be the first derivative of g**3 + 35*g**2 - 48*g - 70. Let t be a(-24). Let s(d) = d**2 - 25. What is s(t)?
-25
Let q = -9132 - -9110. Let a(r) = r**3 + 21*r**2 - 23*r - 20. Calculate a(q).
2
Let m be (-14)/(-70) - 18/(-10). Let h(a) = 0*a - 5*a - m + 2*a - 10 + 2*a. What is h(-5)?
-7
Let g(y) = 2*y**3 + 30*y**2 + 17*y - 41. Let n(p) = -4*p**3 - 62*p**2 - 35*p + 83. Let c(x) = 13*g(x) + 6*n(x). Calculate c(-8).
5
Let f = -21 - -26. Suppose 4*t + 2 = f*t. Let i(m) = -1 + 2*m + m**2 + 0 + 0*m**t. Calculate i(-2).
-1
Let u = -236 - -240. Suppose -j + u = -2*o, 3*j - 5*o - 6 = j. Let c(p) = -p**2 + 10*p - 6. Calculate c(j).
10
Let y = -32844 + 32842. Let n(j) = 90*j + 179. Determine n(y).
-1
Let u(p) = 3*p**3 + 3*p + 2. Let x(v) = 4*v**3 - 4*v**2 + 2. Let g(q) = -u(q) + 2*x(q). Give g(2).
4
Let j(y) = -4*y**2 - y + 3. Let s be 0 + (-18)/(-27) + (-24)/9 + 3. Determine j(s).
-2
Let d(h) = -h**2 + 2. Suppose 0 = 4*g + 5*l - 4*l + 452, -2*l - 106 = g. Let w = -112 - g. Give d(w).
-2
Let b(k) = 241*k + 31. Let j be b(5). Let y(o) = 3*o**3 + 0 + 1234*o + 1 - j*o. Determine y(-2).
-19
Let d(o) = 7 + 27*o**3 + 39*o**2 - 5 - 26*o**3 + 7*o - 32*o**2 + 7. Determine d(-4).
29
Let z(d) be the second derivative of -1/6*d**3 + 0 - 6*d**2 + 105*d. Calculate z(-16).
4
Let l(u) be the third derivative of -u**4/24 + 7*u**3/6 + 358*u**2 - 2*u. Let g(a) = a - 7. Let b be g(-8). Let z = -7 - b. What is l(z)?
-1
Let n(m) = -m**2 - 3*m + 4. Let p = 443 + -441. Let v be p - (11 - 5) - -1. Calculate n(v).
4
Let t(a) = a**3 + 6*a**2 - 5*a. Suppose 3*m - 5*k + 69 = 81, -4*m = 4*k + 48. Calculate t(m).
30
Let f(k) be the second derivative of -k**4/12 - 11*k**3/6 + 267*k**2/2 + 38*k + 12. Determine f(-23).
-9
Suppose -61*l + 113*l - 51*l = 9. Let w(g) = 4*g**2 - 39*g - 1. Determine w(l).
-28
Let h(o) = -o**2 - 4*o + 9. Let y(v) = -3*v**2 - 6*v + 68. Let z be y(4). What is h(z)?
9
Suppose -4*u = 4*c + 15 - 7, 5*c - 2 = -2*u. Let v(y) = 6*y + 6. Give v(c).
18
Suppose 2*y + 3 = -2*z - y, z - 4*y = 26. Suppose z = h + h. Let p(l) = 6*l + 4. Let s(n) = 5*n + 2. Let i(r) = 3*p(r) - 4*s(r). What is i(h)?
-2
Let a be ((-120)/18)/((-3)/(-18)). Let w be ((-9)/(-4))/((-15)/a). Let k(v) = -14 + 12 + v + 5. Calculate k(w).
9
Let w(s) = s**2 + 434*s - 1754. Let j be w(4). Let u(d) = 4*d**2 - 10*d - 29. Calculate u(j).
7
Let w(v) = -v - 15. Let d(h) = -7*h + 25 + 2*h - 19 - 31. Let b be d(-2). Calculate w(b).
0
Let p(u) be the second derivative of -u**5/10 + 5*u**4/4 - 2*u**3 + 51*u**2/2 + 5067*u. What is p(7)?
16
Let d(h) = -h + 6. Let g be d(3). Let t(x) be the first derivative of 2*x**2 + 9 - 3*x + 1/4*x**4 - 4/3*x**3. Calculate t(g).
0
Let w(n) = -2*n - 1. Let p(r) = 3*r - 2. Let y(v) = 8*v - 47. Let o(k) = 4*p(k) - y(k). Let m(q) = o(q) + 4*w(q). Determine m(10).
-5
Let q(l) = -l**3 - 9*l**2 - 7. Let d(j) = -2*j**3 + 3*j**2 - j + 5. Let s be d(2). Let v be (s - (-16)/4) + -2. Let m be -1 - (v*(9 - 3) - -2). Give q(m).
-7
Let u(z) = z + 6. Let o(d) = 25*d - 3. Let g be 3 + -3 - 3 - -2. Let i be o(g). Let q be 1/(i/329) + (-2)/8. Calculate u(q).
-6
Let d(a) = -4*a. Let j(b) be the second derivative of b**3/6 - 9*b**2/2 + 15*b. Let y be j(12). Suppose -6*s = y + 9. Determine d(s).
8
Let t(d) = d**3 - 6*d**2 + 4*d + 2. Let p(l) = 361*l + 2172. Let s be p(-6). What is t(s)?
26
Let l(w) be the third derivative of 5*w**4/12 + 97*w**3/3 + 35*w**2 - 153*w. Calculate l(-20).
-6
Let x(n) = 2*n**3 + n**2 - 9*n - 15. Let a(v) = 3*v**3 + 4*v**2 - 17*v - 29. Let z(k) = 3*a(k) - 5*x(k). What is z(5)?
8
Suppose l = 2*l + 8. Let y(b) be the third derivative of 0 - 1/12*b**4 - 12*b**2 + 0*b - 5/3*b**3. What is y(l)?
6
Suppose 3*n - r - 10 = 4*n, -4*n + 5*r = 13. Let a(i) = i**2 + 3*i - 14. Give a(n).
14
Let y(a) = -a**3 - 6*a**2 + 2*a + 7. Suppose -5*v = 3*m - 12, 5*m - 5*v + 13 - 33 = 0. Suppose -m*o = -5*i + 4, -17*i = o - 22*i - 14. What is y(o)?
-5
Let m(v) be the second derivative of v**5/20 + 5*v**4/12 + 5*v**3/6 + v**2 - 12980*v. Let z(q) = q**2 - 7*q + 7. Let t be z(5). Determine m(t).
5
Let l(s) = s**3 + 9*s + 9. Let r(b) = 2*b**2 + 50*b - 448. Let k be r(7). Determine l(k).
9
Let o = -879 - -882. Suppose -5*b = 3*g - 22, o*b - 38*g + 14 = -33*g. Let k(j) be the first derivative of j**3/3 + j - 1. Calculate k(b).
5
Let m(j) = -1644*j - 8*j**2 + 21*j**2 - 128 + 1667*j - 14*j**2. Calculate m(11).
4
Let g(z) = 25 - 17 + z - 8 - 8. Let a be (4/(-10))/(17/(-510)). Let f be a - 0 - (6 - 6). Give g(f).
4
Let v(z) = -2*z**2 + 75*z - 604. Let p be v(25). Let f(l) = -l**3 + 20*l**2 + 22*l + 26. Give f(p).
47
Let j(t) be the third derivative of t**6/720 + t**5/40 + 43*t**4/24 + 79*t**2 + 2*t. Let z(i) be the second derivative of j(i). What is z(5)?
8
Suppose -382*i + 377*i - 5*b + 75 = 0, -3*b + 45 = i. Let x(r) = -3*r - 10. Let m(w) = w. Let u(z) = 2*m(z) + x(z). What is u(i)?
-10
Let b(f) = f + 8. Suppose -v = -2*t - 1, -4*t + 17*v = 20*v + 27. Give b(t).
5
Let m(i) = -1541 + 846 - 27*i + 854. What is m(5)?
24
Let w(g) = g**3 + 13 + 32*g**2 + 6 + 18 + 13 - 24 + 61*g. Determine w(-30).
-4
Let i = -31 + 35. Suppose -i*o - 5*n - 2 = 0, o + 7 + 1 = -5*n. Let b(l) = 3*l**2 + l**2 - 5*l**o. What is b(4)?
-16
Let l(f) = -12*f**3. Let h = -187 + 195. Suppose 14*b + 22 = h. Determine l(b).
12
Let n = -225 + 514. Let o = 285 - n. Let y(g) = -g**2 - 7*g + 5. What is y(o)?
17
Let c(d) be the first derivative of d**2 + 1/12*d**4 + 35*d + 27 + 2/3*d**3. Let x(o) be the first derivative of c(o). What is x(-7)?
23
Let b(d) = 5*d**2 + 87. Let v(o) = 6*o**2 + 4. Let r(y) = b(y) - v(y). Determine r(0).
83
Let x = 756 - 762. Let v(h) be the second derivative of -h**3/6 - h**2/2 + 29*h. Calculate v(x).
5
Let s(a) = -5*a. Let y(g) = -g**3 - 25*g**2 - 21*g + 56. Let h be y(-24). Let w be 4 + 4*(-20)/h. Suppose 2*n = -4*q - 2, -5*q - n = w - 2. Give s(q).
10
Let y = -6083 - -6087. Let m(d) = 2*d**3 - 4*d**2 - 2*d + 1. Give m(y).
57
Let t(s) = 51 + 18 - 22 - 21*s + 35. Let v be t(4). Let a(r) = r + 3*r**2 + 2 + r**3 - 3*r**2. What is a(v)?
-8
Let z(k) be the second derivative of 0*k**2 - 6*k - 3 + 1/20*k**5 + 0*k**3 + 1/4*k**4. Let t(l) = -l**2 - 2*l - 3. Let j be t(-2). Give z(j).
0
Let m(x) be the first derivative of 8*x**4 - x**3 + x**2 - 4711. Determine m(1).
31
Let u be (-7 + 1)*(1 + -2)/3. Let g(q) = -3*q**3 + 5 + u*q**3 + q + 5*q**2 + 0*q**3 + 2*q**3. Calculate g(-5).
0
Suppose 385*y - 180 = 746*y - 381*y. Let p(a) = a**2 - 10*a + 14. What is p(y)?
5
Let f(a) = -20*a + 2*a**3 + 3 + 9*a**2 - 26*a**2 - 40. Let p(k) = -3*k**3 + 26*k**2 + 30*k + 55. Let y(w) = 7*f(w) + 5*p(w). Give y(12).
-8
Let r(p) = -p**3 - 6*p**2 - 3*p + 2. Let h = 98 - 97. Let v be (h + 2)/3 - (82 + 8). Let n = v - -84. Calculate r(n).
-8
Let z(h) be the third derivative of h**5/60 + h**4/8 - 3*h**3/2 - 97*h**2 + h. Let n(v) = -v**2 - 4*v + 10. Let b(r) = 4*n(r) + 5*z(r). What is b(0)?
